{"id":30801,"date":"2017-09-01T15:58:37","date_gmt":"2017-09-01T15:58:37","guid":{"rendered":"https:\/\/www.searchfurniture.co.uk\/shop-003\/product\/pelipal-focus-3005-80-cm-ceramic-wash-basin-with-vanity-unit-and-mirror-cabinet\/"},"modified":"2025-11-13T22:03:08","modified_gmt":"2025-11-13T22:03:08","slug":"pelipal-focus-3005-80-cm-ceramic-wash-basin-with-vanity-unit-and-mirror-cabinet","status":"publish","type":"product","link":"https:\/\/www.searchfurniture.co.uk\/shop-003\/product\/pelipal-focus-3005-80-cm-ceramic-wash-basin-with-vanity-unit-and-mirror-cabinet\/","title":{"rendered":"Pelipal Fokus 3005 80 cm Keramikwaschtisch mit Unterschrank und Spiegelschrank"},"content":{"rendered":"<p>Im Lieferumfang sind Keramikwaschtisch mit Unterschrank und einem Spiegelschrank.Waschtisch: H\u00f6he 2,0 cm x Breite 80,0 cm x Tiefe 44,0 cmWaschtischunterschrank : H\u00f6he 55,0 cm x Breite 76,0 cm x Tiefe 43,0 cmSpiegelschrank: H\u00f6he 73,0 cm x Breite 80,0 cm x Tiefe 18,0 cmKorpusKorpusqualit\u00e4t in verschiedenen Farbstellungenbzw. Dekoren, Materialst\u00e4rke 16 mmKorpusausf\u00fchrung:- Fronten mit Griff- Schubkasten mit Faltzarge- Korpus mit 1,0 mm Kante- Ganzmetall-SchnellmontagescharnierR\u00fcckw\u00e4ndeDie R\u00fcckw\u00e4nde der Korpen sind nach innen gesetzt,damit bis zur Zimmerwand gen\u00fcgend Raumf\u00fcr die notwendige Luftzirkulation verbleibt.ScharniereDie Ganzmetall-Schnellmontage-Scharniere lassensich 107\u00b0 weit \u00f6ffnen. Diese zeichnen sichdurch Montagefreundlichkeit aus und erm\u00f6glichenein problemloses Ausrichten der Fronten.Die W\u00e4schekippen haben Spezialscheren, diebeim \u00d6ffnen selbstst\u00e4ndig arretieren.T\u00fcrd\u00e4mpferEin progressiv wirkender T\u00fcrd\u00e4mpfer, der ein besondersger\u00e4uscharmes Schlie\u00dfen der T\u00fcren garantiert,ist in das Scharnier integriert.Einlegeb\u00f6denPelipal Badm\u00f6bel werden mit hochwertigen Glaseinlegeb\u00f6dengeliefert. Bei den Waschbeckenunterschr\u00e4nkenwird ein Einlegeboden in Korpusdekoreingesetzt.Aufh\u00e4ngevorrichtungPelipal setzt einen dreidimensional justierbaren,montagefreundlichen Aufh\u00e4ngebeschlag ein. Erist in die Korpusseiten einged\u00fcbelt, so dass eineDauerbelastung von 55 kg je Beschlag gew\u00e4hrleistetist. Der Aufh\u00e4ngebeschlag f\u00fcr Regale istnicht sichtbar, jedoch verstellbar.<br \/>\n<div class=\"main-cross-sell\" data-asin=\"B01N4M0X2V\">\n\n\t<div class=\"WooZone-cross-sell-loader\">\n\t\t<div>\n\t\t\t<div id=\"floatingBarsG\">\n\t\t\t\t<div class=\"blockG\" id=\"rotateG_01\"><\/div>\n\t\t\t\t<div class=\"blockG\" id=\"rotateG_02\"><\/div>\n\t\t\t\t<div class=\"blockG\" id=\"rotateG_03\"><\/div>\n\t\t\t\t<div class=\"blockG\" id=\"rotateG_04\"><\/div>\n\t\t\t\t<div class=\"blockG\" id=\"rotateG_05\"><\/div>\n\t\t\t\t<div class=\"blockG\" id=\"rotateG_06\"><\/div>\n\t\t\t\t<div class=\"blockG\" id=\"rotateG_07\"><\/div>\n\t\t\t\t<div class=\"blockG\" id=\"rotateG_08\"><\/div>\n\t\t\t<\/div>\n\t\t\t<div class=\"WooZone-cross-sell-loader-text\"><\/div>\n\t\t<\/div>\n\t<\/div>\n\n\t\t\n<\/div>\n<div style=\"clear:both;\"><\/div><\/p>\n","protected":false},"excerpt":{"rendered":"<p>Furniture<br \/>\nBathroom furniture set<\/p>\n","protected":false},"featured_media":30802,"comment_status":"open","ping_status":"closed","template":"","meta":[],"product_brand":[],"product_cat":[1452,758,1453,20,18,19],"product_tag":[],"class_list":{"0":"post-30801","1":"product","2":"type-product","3":"status-publish","4":"has-post-thumbnail","6":"product_cat-bathroom-furniture","7":"product_cat-cabinets","8":"product_cat-floor-cabinets","9":"product_cat-furniture","10":"product_cat-home-and-garden","11":"product_cat-home-and-kitchen","12":"pa_brand-pelipal","13":"pa_ean-23764","14":"pa_eanlist-23765","15":"pa_label-pelipal","16":"pa_manufacturer-pelipal","17":"pa_mpn-fokus3005","18":"pa_partnumber-fokus3005","19":"pa_productgroup-kitchen","20":"pa_producttypename-home_bed_and_bath","21":"pa_publisher-pelipal","22":"pa_studio-pelipal","24":"first","25":"instock","26":"shipping-taxable","27":"product-type-simple"},"_links":{"self":[{"href":"https:\/\/www.searchfurniture.co.uk\/shop-003\/wp-json\/wp\/v2\/product\/30801","targetHints":{"allow":["GET"]}}],"collection":[{"href":"https:\/\/www.searchfurniture.co.uk\/shop-003\/wp-json\/wp\/v2\/product"}],"about":[{"href":"https:\/\/www.searchfurniture.co.uk\/shop-003\/wp-json\/wp\/v2\/types\/product"}],"replies":[{"embeddable":true,"href":"https:\/\/www.searchfurniture.co.uk\/shop-003\/wp-json\/wp\/v2\/comments?post=30801"}],"wp:featuredmedia":[{"embeddable":true,"href":"https:\/\/www.searchfurniture.co.uk\/shop-003\/wp-json\/wp\/v2\/media\/30802"}],"wp:attachment":[{"href":"https:\/\/www.searchfurniture.co.uk\/shop-003\/wp-json\/wp\/v2\/media?parent=30801"}],"wp:term":[{"taxonomy":"product_brand","embeddable":true,"href":"https:\/\/www.searchfurniture.co.uk\/shop-003\/wp-json\/wp\/v2\/product_brand?post=30801"},{"taxonomy":"product_cat","embeddable":true,"href":"https:\/\/www.searchfurniture.co.uk\/shop-003\/wp-json\/wp\/v2\/product_cat?post=30801"},{"taxonomy":"product_tag","embeddable":true,"href":"https:\/\/www.searchfurniture.co.uk\/shop-003\/wp-json\/wp\/v2\/product_tag?post=30801"}],"curies":[{"name":"wp","href":"https:\/\/api.w.org\/{rel}","templated":true}]}}