{"id":27962,"date":"2017-09-01T15:16:49","date_gmt":"2017-09-01T15:16:49","guid":{"rendered":"https:\/\/www.searchfurniture.co.uk\/shop-003\/product\/pelipal-focus-new-3050-100-cm-white-gloss-vanity-unit-with-ceramic-basin-vanity-unit-and-mirror-cabinet-bathroom-furniture\/"},"modified":"2025-11-13T21:40:38","modified_gmt":"2025-11-13T21:40:38","slug":"pelipal-focus-new-3050-100-cm-white-gloss-vanity-unit-with-ceramic-basin-vanity-unit-and-mirror-cabinet-bathroom-furniture","status":"publish","type":"product","link":"https:\/\/www.searchfurniture.co.uk\/shop-003\/product\/pelipal-focus-new-3050-100-cm-white-gloss-vanity-unit-with-ceramic-basin-vanity-unit-and-mirror-cabinet-bathroom-furniture\/","title":{"rendered":"Pelipal Fokus neu 3050 100cm mit Keramikwaschbecken, Unterschrank und Spiegelschrank, Badm\u00f6bel"},"content":{"rendered":"<p>Pelipal Fokus 3050 100 cm mit Keramikwaschtisch, Unterschrank mit zwei Schubladen und Spiegelschrank geradeDie Badm\u00f6bel sind vormontiertFalls Sie keine \u00c4nderungen vornehmen liefern wie wie folgt:Front: Graphit Struktur querKorpus: Graphit Struktur querGriffe: Chrom gl\u00e4nzend Waschtischunterschrank mit 2 Ausz\u00fcgen H\u00f6he 52 cm x Breite 100 cm x Tiefe 41 cmLED Beleuchtung mit AufpreisSpiegelschrank mit LED Leuchte 3 Spiegelt\u00fcren, einfach verspiegelt mit 6 Einlegeb\u00f6den und Schalter\/Steckdosen-ElementH\u00f6he 70 cm x Breite 105 cm x Tiefe 16 cmKeramikwaschtisch A wei\u00df H\u00f6he 9,5 cm x Breite 105 cm x Tiefe 45 cmAuf Wunsch:Glaswaschbecken oder Mineral-Marmorwaschtisch lieferbarKorpusKorpusqualit\u00e4t in verschiedenen Farbstellungenbzw. Dekoren, Materialst\u00e4rke 16 mmKorpusausf\u00fchrung:- Fronten mit Griff- Schubkasten teilweise mit Metallzarge und Softeinzug- Korpus mit 1,0 mm Kante- Ganzmetall-SchnellmontagescharnierR\u00fcckw\u00e4ndeDie R\u00fcckw\u00e4nde der Korpen sind nach innen gesetzt,damit bis zur Zimmerwand gen\u00fcgend Raumf\u00fcr die notwendige Luftzirkulation verbleibt.Aufh\u00e4ngevorrichtungWir setzen einen montagefreundlichen Aufh\u00e4ngebeschlagein.<br \/>\nM\u00f6bel<br \/>\nBadm\u00f6bel-Set<br \/>\n<div class=\"main-cross-sell\" data-asin=\"B01MR40DB3\">\n\n\t<div class=\"WooZone-cross-sell-loader\">\n\t\t<div>\n\t\t\t<div id=\"floatingBarsG\">\n\t\t\t\t<div class=\"blockG\" id=\"rotateG_01\"><\/div>\n\t\t\t\t<div class=\"blockG\" id=\"rotateG_02\"><\/div>\n\t\t\t\t<div class=\"blockG\" id=\"rotateG_03\"><\/div>\n\t\t\t\t<div class=\"blockG\" id=\"rotateG_04\"><\/div>\n\t\t\t\t<div class=\"blockG\" id=\"rotateG_05\"><\/div>\n\t\t\t\t<div class=\"blockG\" id=\"rotateG_06\"><\/div>\n\t\t\t\t<div class=\"blockG\" id=\"rotateG_07\"><\/div>\n\t\t\t\t<div class=\"blockG\" id=\"rotateG_08\"><\/div>\n\t\t\t<\/div>\n\t\t\t<div class=\"WooZone-cross-sell-loader-text\"><\/div>\n\t\t<\/div>\n\t<\/div>\n\n\t\t\n<\/div>\n<div style=\"clear:both;\"><\/div><\/p>\n","protected":false},"excerpt":{"rendered":"<p>M\u00f6bel<br \/>\nBadm\u00f6bel-Set<\/p>\n","protected":false},"featured_media":27963,"comment_status":"open","ping_status":"closed","template":"","meta":[],"product_brand":[],"product_cat":[1452,758,1453,20,18,19],"product_tag":[],"class_list":{"0":"post-27962","1":"product","2":"type-product","3":"status-publish","4":"has-post-thumbnail","6":"product_cat-bathroom-furniture","7":"product_cat-cabinets","8":"product_cat-floor-cabinets","9":"product_cat-furniture","10":"product_cat-home-and-garden","11":"product_cat-home-and-kitchen","12":"pa_brand-pelipal","13":"pa_ean-21846","14":"pa_eanlist-21847","15":"pa_label-pelipal","16":"pa_manufacturer-pelipal","17":"pa_mpn-fokus3050100","18":"pa_partnumber-fokus3050100","19":"pa_productgroup-kitchen","20":"pa_producttypename-home_bed_and_bath","21":"pa_publisher-pelipal","22":"pa_studio-pelipal","24":"first","25":"instock","26":"shipping-taxable","27":"product-type-simple"},"_links":{"self":[{"href":"https:\/\/www.searchfurniture.co.uk\/shop-003\/wp-json\/wp\/v2\/product\/27962","targetHints":{"allow":["GET"]}}],"collection":[{"href":"https:\/\/www.searchfurniture.co.uk\/shop-003\/wp-json\/wp\/v2\/product"}],"about":[{"href":"https:\/\/www.searchfurniture.co.uk\/shop-003\/wp-json\/wp\/v2\/types\/product"}],"replies":[{"embeddable":true,"href":"https:\/\/www.searchfurniture.co.uk\/shop-003\/wp-json\/wp\/v2\/comments?post=27962"}],"wp:featuredmedia":[{"embeddable":true,"href":"https:\/\/www.searchfurniture.co.uk\/shop-003\/wp-json\/wp\/v2\/media\/27963"}],"wp:attachment":[{"href":"https:\/\/www.searchfurniture.co.uk\/shop-003\/wp-json\/wp\/v2\/media?parent=27962"}],"wp:term":[{"taxonomy":"product_brand","embeddable":true,"href":"https:\/\/www.searchfurniture.co.uk\/shop-003\/wp-json\/wp\/v2\/product_brand?post=27962"},{"taxonomy":"product_cat","embeddable":true,"href":"https:\/\/www.searchfurniture.co.uk\/shop-003\/wp-json\/wp\/v2\/product_cat?post=27962"},{"taxonomy":"product_tag","embeddable":true,"href":"https:\/\/www.searchfurniture.co.uk\/shop-003\/wp-json\/wp\/v2\/product_tag?post=27962"}],"curies":[{"name":"wp","href":"https:\/\/api.w.org\/{rel}","templated":true}]}}