{"id":192,"date":"2017-03-27T08:10:39","date_gmt":"2017-03-27T08:10:39","guid":{"rendered":"https:\/\/www.searchfurniture.co.uk\/shop-002\/product\/pelipal-focus-3010-bathroom-furniture-set-74-cm\/"},"modified":"2019-11-29T16:07:12","modified_gmt":"2019-11-29T16:07:12","slug":"pelipal-focus-3010-bathroom-furniture-set-74-cm","status":"publish","type":"product","link":"https:\/\/www.searchfurniture.co.uk\/shop-002\/product\/pelipal-focus-3010-bathroom-furniture-set-74-cm\/","title":{"rendered":"Pelipal Fokus 3010 Badm\u00f6bel Set 74 cm"},"content":{"rendered":"<p>,nLieferumfang, falls keine \u00c4nderungen auf unserer Homepage vorgenommen wird.n- Mineralmarmor- Waschtisch 50x985x445 mm in wei\u00dfn- Waschtischunterschrank mit 2 Dreht\u00fcren 510x965x440n- Spiegelschrank inklusive LED- Beleuchtung im Kranz &amp; 3 Dreht\u00fcren, einfach verspiegelt, 6 Glaseinlegeb\u00f6den, Schalter und Steckdose 720x970x160 mmn nOptional gegen Aufpreis erh\u00e4ltlich:n- Midischrank mit 2 Dreht\u00fcren und einem Glaseinlegeboden 1420x300x330 mmn- Unterschrank mit einem Auszug und einem Glaseinlegeboden 720x300x330 mmn- Wandschrank mit einer Dreht\u00fcr und zwei Glaseinlegeb\u00f6den in 700x300x160 mmn nKorpusnKorpusqualit\u00e4t in verschiedenen Farbstellungennbzw. Dekoren, Materialst\u00e4rke 16 mmnnKorpusausf\u00fchrung:n- Fronten mit Griffn- Schubkasten teilweise mit Metallzarge und Softeinzugn- Korpus mit 1,0 mm Kanten- Ganzmetall-SchnellmontagescharniernnR\u00fcckw\u00e4ndenDie R\u00fcckw\u00e4nde der Korpen sind nach innen gesetzt,ndamit bis zur Zimmerwand gen\u00fcgend Raumnf\u00fcr die notwendige Luftzirkulation verbleibt.nAufh\u00e4ngevorrichtungnWir setzen einen montagefreundlichen Aufh\u00e4ngebeschlagnein<br \/>\nM\u00f6bel<br \/>\nBadm\u00f6bel-Set<br \/>\n<div class=\"main-cross-sell\" data-asin=\"B01MZ7SIZX\">\n\n\t<div class=\"WooZone-cross-sell-loader\">\n\t\t<div>\n\t\t\t<div id=\"floatingBarsG\">\n\t\t\t\t<div class=\"blockG\" id=\"rotateG_01\"><\/div>\n\t\t\t\t<div class=\"blockG\" id=\"rotateG_02\"><\/div>\n\t\t\t\t<div class=\"blockG\" id=\"rotateG_03\"><\/div>\n\t\t\t\t<div class=\"blockG\" id=\"rotateG_04\"><\/div>\n\t\t\t\t<div class=\"blockG\" id=\"rotateG_05\"><\/div>\n\t\t\t\t<div class=\"blockG\" id=\"rotateG_06\"><\/div>\n\t\t\t\t<div class=\"blockG\" id=\"rotateG_07\"><\/div>\n\t\t\t\t<div class=\"blockG\" id=\"rotateG_08\"><\/div>\n\t\t\t<\/div>\n\t\t\t<div class=\"WooZone-cross-sell-loader-text\"><\/div>\n\t\t<\/div>\n\t<\/div>\n\n\t\t\n<\/div>\n<div style=\"clear:both;\"><\/div><\/p>\n","protected":false},"excerpt":{"rendered":"<p>M\u00f6bel<br \/>\nBadm\u00f6bel-Set<\/p>\n","protected":false},"featured_media":193,"comment_status":"open","ping_status":"closed","template":"","meta":[],"product_brand":[],"product_cat":[11,10,8,9,63],"product_tag":[],"class_list":{"0":"post-192","1":"product","2":"type-product","3":"status-publish","4":"has-post-thumbnail","6":"product_cat-bathroom-furniture","7":"product_cat-furniture","8":"product_cat-home-and-garden","9":"product_cat-home-and-kitchen","10":"product_cat-wash-stands-and-vanity-units","12":"first","13":"instock","14":"shipping-taxable","15":"purchasable","16":"product-type-simple"},"_links":{"self":[{"href":"https:\/\/www.searchfurniture.co.uk\/shop-002\/wp-json\/wp\/v2\/product\/192","targetHints":{"allow":["GET"]}}],"collection":[{"href":"https:\/\/www.searchfurniture.co.uk\/shop-002\/wp-json\/wp\/v2\/product"}],"about":[{"href":"https:\/\/www.searchfurniture.co.uk\/shop-002\/wp-json\/wp\/v2\/types\/product"}],"replies":[{"embeddable":true,"href":"https:\/\/www.searchfurniture.co.uk\/shop-002\/wp-json\/wp\/v2\/comments?post=192"}],"wp:featuredmedia":[{"embeddable":true,"href":"https:\/\/www.searchfurniture.co.uk\/shop-002\/wp-json\/wp\/v2\/media\/193"}],"wp:attachment":[{"href":"https:\/\/www.searchfurniture.co.uk\/shop-002\/wp-json\/wp\/v2\/media?parent=192"}],"wp:term":[{"taxonomy":"product_brand","embeddable":true,"href":"https:\/\/www.searchfurniture.co.uk\/shop-002\/wp-json\/wp\/v2\/product_brand?post=192"},{"taxonomy":"product_cat","embeddable":true,"href":"https:\/\/www.searchfurniture.co.uk\/shop-002\/wp-json\/wp\/v2\/product_cat?post=192"},{"taxonomy":"product_tag","embeddable":true,"href":"https:\/\/www.searchfurniture.co.uk\/shop-002\/wp-json\/wp\/v2\/product_tag?post=192"}],"curies":[{"name":"wp","href":"https:\/\/api.w.org\/{rel}","templated":true}]}}